NOAA-Style Climate Reports

Select a Year or Month report
2019: Jan Feb Mar Apr May Jun Jul Aug Sep Oct Nov Dec
2018: Jan Feb Mar Apr May Jun Jul Aug Sep Oct Nov Dec
2017: Jan Feb Mar Apr May Jun Jul Aug Sep Oct Nov Dec
2016: Jan Feb Mar Apr May Jun Jul Aug Sep Oct Nov Dec
2015: Jan Feb Mar Apr May Jun Jul Aug Sep Oct Nov Dec

Report for 2019 July
                   Monthly Climatological Summary for Jul 2019

Name: Picton Weather   City: Picton   State: Marlborough
Elevation: 6 m  Lat: S 41 17 34   Lon: E 173 59 57

                  Temperature (°C), Rain (mm), Wind Speed (km/h)

                                      Heat  Cool        Avg
    Mean                              Deg   Deg         Wind                 Dom
Day Temp  High   Time   Low    Time   Days  Days  Rain  Speed High   Time    Dir
----------------------------------------------------------------------------------
01   9.0  15.1   14:14   1.4   02:17   9.3   0.0   0.0   5.7  41.7   13:02     N
02   9.5  14.4   14:13   4.1   05:09   8.8   0.0   0.3   3.8  25.5   12:35     N
03  15.1  16.7   14:24  12.1   00:00   3.2   0.0  19.6  11.0  40.9   11:20     N
04  11.1  13.8   00:00   9.0   08:01   7.2   0.0   0.0   8.8  76.5   22:32     S
05   8.6  13.8   14:17   2.6   23:57   9.7   0.0   1.1  11.0  79.6   04:43   SSW
06   5.2  13.6   13:10   0.0   07:27  13.1   0.0   0.0   1.6  18.5   18:17   SSW
07   6.8  14.0   15:09   0.3   05:04  11.4   0.0   0.3   5.8  49.4   11:51     N
08   6.5  11.1   14:44   1.4   05:57  11.8   0.0   0.3   1.9  22.4   01:39     S
09   6.5  14.9   14:10   1.6   23:56  11.8   0.0   0.0   3.1  29.4   10:20     N
10   6.0  12.8   13:12   0.6   04:58  12.3   0.0   5.9   1.7  27.0   13:23     N
11   8.6  16.4   13:36   3.9   23:53   9.6   0.0   0.0   3.4  37.9   13:08    SE
12   8.5  14.6   13:29   3.2   02:15   9.8   0.0   4.8   3.2  37.9   15:10     N
13  11.4  17.0   12:15   5.3   05:14   6.9   0.0   0.6   7.0  43.3   12:47     N
14  12.4  16.2   03:05   6.8   20:16   5.9   0.0  25.2  10.6  69.5   06:14     N
15  10.1  13.4   12:46   4.5   07:21   8.2   0.0  13.4   8.4  57.2   23:41     N
16  11.2  14.1   15:14   7.6   20:43   7.1   0.0  89.6   9.4  64.9   01:50     N
17   8.1  13.8   14:23   1.7   23:47  10.2   0.0   1.1   3.1  42.5   15:15   NNE
18   6.6  12.6   13:59   1.0   02:05  11.7   0.0   0.0   2.6  24.7   12:44     S
19  10.0  11.6   11:01   7.0   01:10   8.3   0.0  23.0   3.7  29.4   21:43     S
20  10.2  11.5   15:04   9.3   23:23   8.1   0.0   2.0   3.9  32.4   07:26   SSW
----------------------------------------------------------------------------------
     9.1  17.0    13     0.0     6   184.4   0.0 187.2   5.5  79.6     5       N

Max >=  27.0  0
Max <=  10.0  0
Min <=   0.0  1
Min <=  -5.0  0
Max Rain: 89.6 on day 16
Days of Rain: 14 (>= 0.2 mm)  8 (>= 2.0 mm)  3 (>= 20.0 mm)
Heat Base: 18.3  Cool Base: 18.3  Method: Integration