NOAA-Style Climate Reports

Select a Year or Month report
2019: Jan Feb Mar Apr May Jun Jul Aug Sep Oct Nov Dec
2018: Jan Feb Mar Apr May Jun Jul Aug Sep Oct Nov Dec
2017: Jan Feb Mar Apr May Jun Jul Aug Sep Oct Nov Dec
2016: Jan Feb Mar Apr May Jun Jul Aug Sep Oct Nov Dec
2015: Jan Feb Mar Apr May Jun Jul Aug Sep Oct Nov Dec

Report for 2019 May
                   Monthly Climatological Summary for May 2019

Name: Picton Weather   City: Picton   State: Marlborough
Elevation: 6 m  Lat: S 41 17 34   Lon: E 173 59 57

                  Temperature (°C), Rain (mm), Wind Speed (km/h)

                                      Heat  Cool        Avg
    Mean                              Deg   Deg         Wind                 Dom
Day Temp  High   Time   Low    Time   Days  Days  Rain  Speed High   Time    Dir
----------------------------------------------------------------------------------
01   8.6  17.4   14:40   2.8   07:15   9.7   0.0   0.0   2.2  16.2   00:11   WNW
02   8.9  16.8   15:21   2.9   06:13   9.4   0.0   0.0   1.5  21.6   23:25   NNW
03   9.9  17.5   14:45   5.2   07:06   8.4   0.0   0.4   1.3  32.4   16:09   NNW
04  13.1  17.5   14:18   6.0   00:49   5.2   0.0   0.0   6.8  36.3   15:33     N
05  14.5  20.8   15:23   9.4   23:57   4.1   0.3   0.0   3.7  25.5   20:32   NNW
06  12.6  18.4   13:55   8.1   05:30   5.7   0.0   0.2   6.7  34.8   12:13     S
07  12.3  17.9   14:06   8.9   22:16   6.0   0.0   0.0   2.0  23.9   00:14    NE
08  13.4  17.6   12:36   7.7   04:04   4.9   0.0   0.2   4.4  34.0   15:11     N
09  16.2  18.2   15:09  14.8   00:00   2.1   0.0   6.0   7.6  45.6   22:30     N
10  15.2  20.3   13:31  10.2   23:24   3.4   0.3   5.2   3.6  32.4   02:14     N
11  13.8  18.1   14:18   7.9   04:38   4.5   0.0   0.2   6.8  40.9   22:44     N
12  16.0  17.8   11:51  13.3   06:56   2.3   0.0  12.6   9.9  49.4   17:56   NNW
13  12.7  17.9   13:02   9.3   19:12   5.6   0.0   9.8   2.8  31.7   04:24   SSW
14  12.1  17.1   11:55   5.4   06:15   6.2   0.0   0.4   7.2  53.3   13:02     N
15  13.4  18.4   11:56   7.9   07:18   4.9   0.0   0.0   5.4  42.5   13:07     N
16  13.6  18.8   14:10   7.6   23:40   4.7   0.0   1.8   7.0  51.0   11:15   WNW
17   8.4  14.2   12:15   4.7   07:45   9.9   0.0   1.0   2.6  22.4   11:34     S
18  12.0  18.7   13:45   4.6   05:27   6.3   0.0   0.0   4.6  40.9   12:45     N
19  12.0  19.6   11:01   5.1   23:06   6.3   0.0   0.0   4.3  44.0   02:09    SE
20   8.0  16.2   14:34   3.1   07:37  10.3   0.0   0.2   1.7  14.7   11:18    NW
21   8.3  16.1   14:21   2.6   07:28  10.0   0.0   0.2   1.6  11.6   14:36     N
22   9.0  17.2   15:01   4.0   04:58   9.3   0.0   0.2   3.2  30.1   15:18     N
23   9.7  17.1   15:06   3.4   06:15   8.6   0.0   0.0   1.9  28.6   13:25   SSE
----------------------------------------------------------------------------------
    11.9  20.8     5     2.6    21   147.8   0.6  38.4   4.3  53.3    14     NNW

Max >=  27.0  0
Max <=  10.0  0
Min <=   0.0  0
Min <=  -5.0  0
Max Rain: 12.6 on day 12
Days of Rain: 14 (>= 0.2 mm)  4 (>= 2.0 mm)  0 (>= 20.0 mm)
Heat Base: 18.3  Cool Base: 18.3  Method: Integration