NOAA-Style Climate Reports

Select a Year or Month report
2019: Jan Feb Mar Apr May Jun Jul Aug Sep Oct Nov Dec
2018: Jan Feb Mar Apr May Jun Jul Aug Sep Oct Nov Dec
2017: Jan Feb Mar Apr May Jun Jul Aug Sep Oct Nov Dec
2016: Jan Feb Mar Apr May Jun Jul Aug Sep Oct Nov Dec
2015: Jan Feb Mar Apr May Jun Jul Aug Sep Oct Nov Dec

Report for 2019 January
                   Monthly Climatological Summary for Jan 2019

Name: Picton Weather   City: Picton   State: New Zealand
Elevation: 6 m  Lat: S 41 17 35   Lon: E 173 59 57

                  Temperature (°C), Rain (mm), Wind Speed (km/h)

                                      Heat  Cool        Avg
    Mean                              Deg   Deg         Wind                 Dom
Day Temp  High   Time   Low    Time   Days  Days  Rain  Speed High   Time    Dir
----------------------------------------------------------------------------------
01  20.6  24.7   15:37  17.8   05:02   0.1   2.4   0.0   4.6  22.5   14:49     N
02  23.8  31.3   16:26  15.1   06:46   0.6   6.2   0.0   5.3  38.6   14:36     N
03  23.4  29.0   10:38  16.9   06:07   0.1   5.2   0.0   5.9  46.7   13:09    NE
04  19.4  25.4   17:12  13.8   05:07   1.3   2.4   0.0   4.8  25.7   14:53     N
05  20.1  28.6   15:59  10.6   05:38   2.1   3.9   0.0   6.4  30.6   13:48   NNE
06  23.5  28.9   14:59  17.1   02:53   0.1   5.3   0.0   9.5  37.0   08:35     N
07  18.6  21.6   13:13  16.8   23:57   0.4   0.7   0.0   5.2  30.6   08:54     S
08  19.2  24.9   15:10  14.5   01:57   1.0   1.9   0.0   5.7  35.4   16:42   ESE
09  20.5  24.7   13:38  16.4   06:51   0.3   2.5   0.0  10.0  38.6   23:53   NNE
10  21.7  23.7   10:08  20.3   07:02   0.0   3.4   0.0  12.8  37.0   19:18   NNE
11  20.7  28.3   12:45  15.3   05:30   0.4   2.8   0.0   7.4  37.0   18:19    SE
12  17.6  21.9   17:16  13.2   23:58   1.3   0.6   0.0   7.9  45.1   12:43     S
13  17.7  23.6   12:37  11.3   04:40   2.2   1.6   4.1   8.4  48.3   11:40     N
14  16.7  21.8   16:02  13.5   07:00   1.9   0.3   3.1   4.5  35.4   22:07    SE
15  16.9  21.2   11:11  14.2   06:05   1.8   0.3   0.0   8.9  61.2   18:02   SSE
16  16.9  23.1   15:42  13.2   23:59   2.0   0.6   0.0   7.4  45.1   00:01   SSE
17  17.4  24.4   15:28  10.1   06:22   2.6   1.7   0.0   4.1  19.3   15:45   NNW
18  19.4  24.9   16:43  14.7   01:34   1.0   2.1   0.0   4.7  22.5   20:37   WNW
19  20.4  26.4   13:52  14.3   05:32   0.9   3.0   0.0   9.7  46.7   20:54     N
20  22.3  26.2   12:18  16.9   06:23   0.0   4.0   0.0   9.7  59.5   03:16     N
21  20.6  26.3   14:41  14.3   23:59   0.4   2.7   0.0   8.1  53.1   17:24     N
22  18.9  27.4   18:03   9.3   06:18   2.5   3.1   0.0   5.1  48.3   19:37     N
23  22.7  25.4   09:36  16.1   23:59   0.0   4.4   0.2  13.4  53.1   20:21     N
24  15.4  19.4   14:20  14.1   01:40   2.9   0.0   0.0   8.6  46.7   00:02   SSE
25  16.0  22.4   15:33   8.8   06:49   3.3   1.0   0.0   4.9  22.5   14:31   NNE
26  17.9  24.9   15:58  11.4   03:40   2.4   2.0   0.0   4.6  22.5   13:01     N
27  22.6  30.3   14:52  14.5   00:24   0.3   4.6   0.0   8.0  43.5   04:09   NNW
28  23.4  32.9   11:59  17.2   05:53   0.1   5.2   0.0   5.8  32.2   12:47     N
29  23.6  30.9   16:24  18.6   06:12   0.0   5.3   0.0   5.7  22.5   08:56   NNE
30  22.6  28.1   15:12  17.0   23:59   0.1   4.3   0.0   6.0  32.2   15:24   NNE
----------------------------------------------------------------------------------
    20.0  32.9    28     8.8    25    32.1  83.5   7.4   7.1  61.2    15     NNE

Max >=  27.0 10
Max <=   0.0  0
Min <=   0.0  0
Min <= -18.0  0
Max Rain: 4.1 on day 13
Days of Rain: 3 (>= 0.2 mm)  2 (>= 2.0 mm)  0 (>= 20.0 mm)
Heat Base: 18.3  Cool Base: 18.3  Method: Integration