NOAA-Style Climate Reports

Select a Year or Month report
2017: Jan Feb Mar Apr May Jun Jul Aug Sep Oct Nov Dec
2016: Jan Feb Mar Apr May Jun Jul Aug Sep Oct Nov Dec
2015: Jan Feb Mar Apr May Jun Jul Aug Sep Oct Nov Dec

Report for 2017 June
                   Monthly Climatological Summary for Jun 2017

Name: Picton Weather   City: Picton   State: New Zealand
Elevation: 6 m  Lat: S 41 17 34   Lon: E 173 59 57

                  Temperature (°C), Rain (mm), Wind Speed (km/h)

                                      Heat  Cool        Avg
    Mean                              Deg   Deg         Wind                 Dom
Day Temp  High   Time   Low    Time   Days  Days  Rain  Speed High   Time    Dir
----------------------------------------------------------------------------------
01  10.3  11.3   14:03   9.2   22:01   8.0   0.0   1.0   5.7  25.7   20:52   SSW
02   9.5  11.1   15:00   8.6   04:33   8.8   0.0   4.6   7.8  27.4   10:18   SSW
03   8.2  13.3   11:47   2.2   23:48  10.1   0.0   0.8   6.0  30.6   10:15   SSW
04   6.9  11.5   12:54   1.1   03:34  11.4   0.0   0.6   6.7  53.1   18:56   SSW
05   8.9  11.5   13:09   7.1   05:50   9.4   0.0  11.8   8.9  41.8   06:14   SSW
06   9.1  14.7   12:03   3.9   23:18   9.2   0.0   0.0   5.6  25.7   06:44   SSW
07   5.4  12.6   14:42   2.1   04:25  12.9   0.0   0.4   0.8   8.0   13:43    SW
08   4.8  12.1   15:01   1.8   02:32  13.5   0.0   0.2   1.0   8.0   18:24   WSW
09   5.8  12.3   15:15   2.0   01:01  12.5   0.0   0.4   1.8  14.5   20:11    SW
10   8.5  13.1   03:26   3.1   23:42   9.8   0.0   0.4   5.3  45.1   02:38   SSW
11   5.9  13.4   14:24   1.5   08:08  12.4   0.0   0.2   2.4  14.5   13:09     W
12   9.4  17.6   13:56   3.2   03:59   8.9   0.0   0.4   5.1  40.2   11:42    NE
13  13.2  17.0   12:28   9.8   19:12   5.1   0.0   0.6   7.3  43.5   14:59   ENE
14   7.1  14.8   13:31   0.9   23:41  11.2   0.0   0.0   3.0  29.0   01:09    SW
15   4.6  13.7   14:25  -1.5   05:28  13.7   0.0   0.4   2.4  19.3   11:14     E
16   9.0  14.2   11:59   1.8   01:54   9.3   0.0   0.0   4.4  37.0   05:59   SSW
17   7.9  13.7   15:11   3.8   23:07  10.4   0.0   0.0   1.7  16.1   00:22    SW
18   9.2  14.2   14:19   3.3   01:11   9.1   0.0   0.0   3.3  30.6   13:30    NE
19   9.9  16.2   11:46   4.4   23:32   8.4   0.0   0.0   6.5  49.9   12:22    SE
20   6.8  14.7   14:44   1.8   07:56  11.5   0.0   0.4   2.0  19.3   15:28    NE
21   7.9  15.2   14:21   3.0   07:05  10.4   0.0   0.4   3.3  29.0   12:51    NE
22   9.3  13.0   11:42   5.6   05:46   9.0   0.0   0.2   8.7  72.4   23:47   SSW
23  10.8  13.3   15:39   9.8   03:46   7.5   0.0   5.8  12.9  61.2   07:19   SSW
24  10.0  11.9   14:48   7.9   23:58   8.3   0.0   5.2   0.9  16.1   01:06     S
25   8.2  13.9   12:17   4.1   05:28  10.1   0.0   1.6   4.5  33.8   14:39   SSW
26   5.7  12.8   14:39   1.6   23:39  12.6   0.0   0.0   1.4  19.3   13:14   WSW
----------------------------------------------------------------------------------
     8.2  17.6    12    -1.5    15   263.5   0.0  35.4   4.6  72.4    22     SSW

Max >=  27.0  0
Max <=   0.0  0
Min <=   0.0  1
Min <= -18.0  0
Max Rain: 11.8 on day 5
Days of Rain: 19 (>= 0.2 mm)  4 (>= 2.0 mm)  0 (>= 20.0 mm)
Heat Base: 18.3  Cool Base: 18.3  Method: Integration