NOAA-Style Climate Reports

Select a Year or Month report
2018: Jan Feb Mar Apr May Jun Jul Aug Sep Oct Nov Dec
2017: Jan Feb Mar Apr May Jun Jul Aug Sep Oct Nov Dec
2016: Jan Feb Mar Apr May Jun Jul Aug Sep Oct Nov Dec
2015: Jan Feb Mar Apr May Jun Jul Aug Sep Oct Nov Dec

Report for 2018 December
                   Monthly Climatological Summary for Dec 2018

Name: Picton Weather   City: Picton   State: New Zealand
Elevation: 6 m  Lat: S 41 17 35   Lon: E 173 59 57

                  Temperature (°C), Rain (mm), Wind Speed (km/h)

                                      Heat  Cool        Avg
    Mean                              Deg   Deg         Wind                 Dom
Day Temp  High   Time   Low    Time   Days  Days  Rain  Speed High   Time    Dir
----------------------------------------------------------------------------------
01  18.1  22.9   17:18  13.2   05:48   1.6   1.4   0.7   4.3  30.6   15:03   NNW
02  19.6  25.8   11:01  15.0   05:26   1.1   2.4   1.2   5.9  22.5   20:43   SSE
03  19.6  24.7   10:14  15.9   05:51   0.6   1.9   3.1   5.2  25.7   17:28     N
04  17.7  21.1   12:47  15.4   23:58   1.0   0.4   5.0  12.1  57.9   17:59     N
05  16.7  19.8   15:10  13.6   22:30   1.8   0.1   0.0  11.6  61.2   06:07     N
06  13.1  16.7   11:36  11.1   23:58   5.2   0.0   0.5   5.9  32.2   17:01    SE
07  13.7  19.5   14:17   5.8   06:14   4.8   0.1   0.2   4.1  22.5   15:19     N
08  16.0  21.5   15:40  10.1   03:31   3.0   0.7   0.0   3.5  19.3   13:05   NNW
09  17.2  22.6   13:59  12.7   01:53   2.1   1.0   0.0   3.7  22.5   17:52   NNW
10  16.3  20.9   11:35  13.5   01:41   2.3   0.3   0.0   9.0  64.4   10:00   SSE
11  16.4  21.5   15:42  10.8   03:46   2.6   0.7   0.0   5.0  17.7   14:59     N
----------------------------------------------------------------------------------
    16.8  25.8     2     5.8     7    26.1   9.0  10.7   6.4  64.4    10       N

Max >=  27.0  0
Max <=   0.0  0
Min <=   0.0  0
Min <= -18.0  0
Max Rain: 5.0 on day 4
Days of Rain: 6 (>= 0.2 mm)  2 (>= 2.0 mm)  0 (>= 20.0 mm)
Heat Base: 18.3  Cool Base: 18.3  Method: Integration