NOAA-Style Climate Reports

Select a Year or Month report
2017: Jan Feb Mar Apr May Jun Jul Aug Sep Oct Nov Dec
2016: Jan Feb Mar Apr May Jun Jul Aug Sep Oct Nov Dec
2015: Jan Feb Mar Apr May Jun Jul Aug Sep Oct Nov Dec

Report for 2017 October
                   Monthly Climatological Summary for Oct 2017

Name: Picton Weather   City: Picton   State: New Zealand
Elevation: 6 m  Lat: S 41 17 34   Lon: E 173 59 57

                  Temperature (°C), Rain (mm), Wind Speed (km/h)

                                      Heat  Cool        Avg
    Mean                              Deg   Deg         Wind                 Dom
Day Temp  High   Time   Low    Time   Days  Days  Rain  Speed High   Time    Dir
----------------------------------------------------------------------------------
01  10.7  14.8   12:56   7.3   07:41   7.6   0.0   0.2   2.6  20.9   10:53    NE
02  12.5  23.3   13:49   5.6   04:01   6.4   0.6   0.0   4.1  45.1   16:09     S
03  12.5  21.1   14:40   4.8   06:12   6.3   0.5   0.0   3.3  22.5   13:13     N
04  14.6  21.2   13:58   6.3   05:09   4.0   0.3   0.4   8.6  41.8   14:02     N
05  11.4  17.2   01:04   9.1   23:39   6.9   0.0   0.0   8.2  43.5   11:49     S
06  12.5  17.3   13:40   6.6   07:02   5.8   0.0   0.0   7.4  38.6   14:36    NE
07  13.0  15.2   00:00  11.7   21:59   5.3   0.0  15.4   1.8  20.9   15:48   NNE
08  13.9  17.9   04:04  11.6   03:09   4.3   0.0   8.2  10.0  32.2   11:52   NNW
09  13.8  17.6   16:10  12.2   01:43   4.5   0.0   2.8   8.1  33.8   18:07   SSW
10  14.6  19.2   15:01  11.3   06:08   3.7   0.0   1.8   6.2  37.0   16:15   NNE
11  12.6  18.5   10:50   9.3   23:57   5.7   0.0  21.8   2.5  27.4   13:58     N
12  10.9  15.1   13:47   7.2   02:30   7.4   0.0   0.4   3.2  20.9   13:03   NNE
13  11.9  16.1   17:45   6.7   03:36   6.4   0.0   0.4   4.9  40.2   11:01   NNE
14  13.1  20.1   13:47   5.2   07:17   5.4   0.2   0.2   8.2  38.6   12:45   NNE
15  13.3  17.5   17:05   8.8   07:12   5.0   0.0   0.0   7.3  33.8   17:54   NNE
16  12.9  19.8   11:08   8.7   23:54   5.4   0.0   1.6   9.0  43.5   03:10    SW
17  12.8  19.6   15:40   5.4   05:37   5.7   0.1   0.2   6.3  35.4   23:38   NNW
18  10.8  11.8   00:00   9.7   07:54   7.5   0.0   0.4   6.0  37.0   15:10   SSE
19  11.5  17.8   15:21   4.1   05:55   6.8   0.0   0.0   4.2  24.1   11:37    NE
20  14.2  20.7   16:07   8.6   02:10   4.4   0.3   0.0   4.0  17.7   12:33   NNE
----------------------------------------------------------------------------------
    12.7  23.3     2     4.1    19   114.5   2.0  53.8   5.8  45.1     2     NNE

Max >=  27.0  0
Max <=   0.0  0
Min <=   0.0  0
Min <= -18.0  0
Max Rain: 21.8 on day 11
Days of Rain: 13 (>= 0.2 mm)  4 (>= 2.0 mm)  1 (>= 20.0 mm)
Heat Base: 18.3  Cool Base: 18.3  Method: Integration